the greatest common factor of 456456 and 249942.
462
Calculate the greatest common factor of 2046 and 579744.
66
What is the greatest common divisor of 16 and 2076317?
1
Calculate the greatest common divisor of 17176 and 73715324.
452
What is the highest common factor of 34029 and 4473?
9
What is the highest common factor of 132528 and 161799?
33
What is the greatest common factor of 26104 and 2158600?
2008
What is the greatest common factor of 2338520 and 665?
95
Calculate the greatest common divisor of 311432 and 594.
22
Calculate the greatest common divisor of 116766 and 3705.
39
What is the highest common divisor of 87 and 27197708?
29
What is the highest common divisor of 16992 and 18659340?
2124
What is the highest common divisor of 7935 and 147405?
15
What is the greatest common factor of 894908 and 476532?
868
What is the greatest common factor of 23184 and 3715236?
5796
What is the greatest common divisor of 2853 and 109332?
9
What is the greatest common divisor of 2200490 and 102440?
1970
What is the greatest common divisor of 114 and 541234?
38
Calculate the highest common divisor of 20 and 9528660.
20
What is the greatest common divisor of 1535280 and 19920?
240
What is the greatest common divisor of 648810 and 27234?
1602
Calculate the greatest common factor of 645288 and 70196.
644
Calculate the greatest common factor of 45178 and 3011246.
98
Calculate the greatest common factor of 18496 and 259114.
34
Calculate the highest common divisor of 1657380 and 7176.
276
What is the greatest common factor of 72790 and 210646981?
7279
Calculate the greatest common factor of 18276292 and 83948.
2708
Calculate the greatest common factor of 1243 and 16724.
113
What is the greatest common divisor of 5889732 and 4428?
492
What is the highest common factor of 531 and 316174923?
531
Calculate the highest common factor of 5191745 and 26.
13
Calculate the highest common divisor of 2279453 and 1034.
517
What is the greatest common divisor of 145 and 431133053?
29
What is the greatest common divisor of 384 and 8311320?
24
What is the greatest common factor of 283614 and 240?
6
Calculate the highest common divisor of 2997 and 9687.
3
Calculate the highest common divisor of 59363 and 2412539.
667
What is the highest common factor of 2695810 and 7046?
26
What is the greatest common factor of 983890 and 90?
10
What is the highest common factor of 1445648 and 12?
4
Calculate the greatest common factor of 4028472 and 117.
9
What is the greatest common divisor of 8759681 and 147?
49
Calculate the greatest common factor of 1144 and 6913104.
88
Calculate the highest common factor of 13925 and 923506.
557
Calculate the highest common factor of 65119243 and 16145.
3229
What is the highest common divisor of 480 and 368291370?
30
Calculate the highest common factor of 352 and 18921947.
11
Calculate the highest common divisor of 17343 and 324018.
423
Calculate the highest common factor of 5630 and 6520666.
1126
Calculate the greatest common factor of 522 and 23110020.
18
Calculate the greatest common divisor of 277047 and 1467.
9
Calculate the highest common factor of 6644572 and 44.
44
Calculate the greatest common divisor of 217 and 58592604.
217
What is the greatest common divisor of 14924145 and 282?
141
What is the greatest common divisor of 18 and 725626152?
18
Calculate the greatest common factor of 81829368 and 149400.
5976
What is the highest common divisor of 58188 and 3325668?
4476
What is the highest common divisor of 310 and 17917070?
310
What is the highest common divisor of 761304 and 1572?
12
What is the greatest common divisor of 3612358 and 690866?
2026
Calculate the highest common divisor of 8625 and 99585975.
1725
Calculate the highest common factor of 3290 and 258410418.
658
Calculate the highest common factor of 617538572 and 1029.
343
Calculate the highest common divisor of 2639922 and 1562.
142
Calculate the greatest common divisor of 111616 and 4246204.
436
Calculate the highest common factor of 2380 and 861286300.
2380
Calculate the greatest common divisor of 13 and 803072517.
13
Calculate the greatest common divisor of 944104 and 88.
8
Calculate the highest common factor of 1092156 and 2106.
78
What is the greatest common divisor of 980574 and 1776?
222
What is the highest common factor of 3780430 and 380?
190
Calculate the highest common factor of 8928 and 556884.
1116
What is the highest common divisor of 13140571 and 326?
163
Calculate the greatest common divisor of 4371351 and 395169.
471
What is the highest common divisor of 5590758 and 5247?
159
What is the greatest common divisor of 246095 and 302535?
415
Calculate the greatest common divisor of 253073 and 39596793.
2609
What is the greatest common factor of 419328 and 33012?
252
What is the highest common factor of 352 and 9316065?
11
Calculate the greatest common factor of 893822334 and 6.
6
Calculate the greatest common factor of 1918664769 and 1743.
1743
What is the highest common divisor of 200 and 28620550?
50
Calculate the greatest common divisor of 63 and 13966260.
21
Calculate the highest common divisor of 12249516 and 188.
188
What is the highest common divisor of 2792933 and 130?
13
What is the highest common divisor of 2652 and 35418?
6
What is the highest common factor of 153470 and 9670?
10
What is the highest common divisor of 333 and 1107669?
111
What is the greatest common factor of 146 and 74974139?
73
What is the highest common divisor of 2186 and 444267338?
2186
Calculate the greatest common factor of 2265 and 11496385.
755
What is the highest common factor of 513150 and 45100?
550
Calculate the greatest common factor of 68136 and 163827.
501
Calculate the greatest common factor of 1308 and 1827167.
109
What is the highest common factor of 3973 and 208133?
29
What is the highest common divisor of 4140 and 8472740?
460
Calculate the highest common factor of 403088961 and 759.
759
What is the greatest common divisor of 116060 and 3620?
20
What is the highest common divisor of 15028 and 191074?
26
Calculate the greatest common divisor of 10190 and 64630.
10
Calculate the highest common factor of 618719269 and 7.
7
Calculate the highest common factor of 2347 and 1605.
1
What is the highest common divisor of 4815 and 64026?
9
Calculate the greatest common divisor of 5844 and 95208987.
1461
What is the greatest common divisor of 18476208 and 247610?
4502
What is the highest common divisor of 117008 and 5832272?
1648
What is the greatest common factor of 154 and 1120496531?
77
What is the greatest common factor of 57303599 and 3659?
3659
Calculate the highest common factor of 3875 and 317068000.
3875
What is the greatest common divisor of 2027456 and 11629?
401
What is the greatest common factor of 270534 and 48378?
66
Calculate the greatest common divisor of 4542353 and 1945.
389
What is the highest common factor of 124152690 and 2928?
366
Calculate the highest common divisor of 259652253 and 21.
21
Calculate the highest common divisor of 2852 and 29834956.
92
What is the greatest common factor of 15211644 and 47376?
3948
Calculate the highest common factor of 48 and 1701558996.
12
Calculate the highest common divisor of 1485426 and 646.
34
What is the greatest common divisor of 670 and 6527341?
67
Calculate the highest common factor of 18792544 and 96.
32
Calculate the greatest common factor of 5 and 616673.
1
Calculate the greatest common divisor of 5083912 and 195880.
472
Calculate the greatest common divisor of 32646530 and 7.
7
Calculate the highest common factor of 154 and 572187.
77
What is the greatest common factor of 60025406 and 46942?
6706
What is the highest common divisor of 114165 and 1758495?
885
Calculate the greatest common divisor of 156 and 216011988.
12
What is the highest common divisor of 24054 and 9503862?
1266
Calculate the highest common factor of 565 and 355985.
5
Calculate the highest common factor of 58968 and 347802.
546
Calculate the greatest common factor of 59238 and 1848.
6
Calculate the highest common divisor of 71533566 and 642.
642
Calculate the greatest common factor of 140447 and 15211863.
4843
Calculate the greatest common divisor of 229309103 and 4853.
4853
Calculate the highest common divisor of 17 and 448026857.
17
Cal